ed by 95.
7
What is the remainder when 72 is divided by 48?
24
Calculate the remainder when 142 is divided by 12.
10
What is the remainder when 272 is divided by 21?
20
Calculate the remainder when 327 is divided by 19.
4
Calculate the remainder when 2232 is divided by 159.
6
Calculate the remainder when 169 is divided by 34.
33
Calculate the remainder when 607 is divided by 61.
58
What is the remainder when 279 is divided by 147?
132
What is the remainder when 700 is divided by 27?
25
What is the remainder when 1062 is divided by 340?
42
What is the remainder when 92 is divided by 33?
26
What is the remainder when 124 is divided by 25?
24
Calculate the remainder when 232 is divided by 16.
8
What is the remainder when 113 is divided by 68?
45
Calculate the remainder when 263 is divided by 140.
123
What is the remainder when 2131 is divided by 50?
31
Calculate the remainder when 204 is divided by 105.
99
Calculate the remainder when 476 is divided by 67.
7
What is the remainder when 228 is divided by 213?
15
Calculate the remainder when 114 is divided by 10.
4
What is the remainder when 65 is divided by 52?
13
What is the remainder when 452 is divided by 216?
20
What is the remainder when 148 is divided by 79?
69
What is the remainder when 3400 is divided by 32?
8
What is the remainder when 1403 is divided by 108?
107
Calculate the remainder when 1671 is divided by 54.
51
Calculate the remainder when 580 is divided by 20.
0
What is the remainder when 2014 is divided by 9?
7
Calculate the remainder when 482 is divided by 174.
134
What is the remainder when 276 is divided by 103?
70
What is the remainder when 192 is divided by 1?
0
What is the remainder when 5581 is divided by 349?
346
Calculate the remainder when 2866 is divided by 4.
2
What is the remainder when 109 is divided by 22?
21
What is the remainder when 129 is divided by 88?
41
What is the remainder when 3441 is divided by 25?
16
Calculate the remainder when 1628 is divided by 96.
92
Calculate the remainder when 142 is divided by 11.
10
Calculate the remainder when 369 is divided by 239.
130
What is the remainder when 498 is divided by 50?
48
What is the remainder when 32 is divided by 5?
2
What is the remainder when 579 is divided by 23?
4
Calculate the remainder when 925 is divided by 103.
101
Calculate the remainder when 166 is divided by 30.
16
Calculate the remainder when 377 is divided by 10.
7
What is the remainder when 667 is divided by 255?
157
What is the remainder when 196 is divided by 119?
77
What is the remainder when 875 is divided by 264?
83
Calculate the remainder when 49 is divided by 18.
13
What is the remainder when 1355 is divided by 336?
11
Calculate the remainder when 143 is divided by 49.
45
What is the remainder when 296 is divided by 36?
8
Calculate the remainder when 114 is divided by 47.
20
Calculate the remainder when 379 is divided by 77.
71
What is the remainder when 3253 is divided by 7?
5
Calculate the remainder when 103 is divided by 22.
15
What is the remainder when 156 is divided by 55?
46
What is the remainder when 78 is divided by 21?
15
Calculate the remainder when 124 is divided by 43.
38
Calculate the remainder when 138 is divided by 92.
46
Calculate the remainder when 120 is divided by 95.
25
Calculate the remainder when 561 is divided by 82.
69
Calculate the remainder when 17211 is divided by 13.
12
What is the remainder when 13985 is divided by 42?
41
What is the remainder when 1622 is divided by 58?
56
Calculate the remainder when 557 is divided by 28.
25
Calculate the remainder when 1019 is divided by 68.
67
Calculate the remainder when 1860 is divided by 23.
20
What is the remainder when 487 is divided by 54?
1
Calculate the remainder when 243 is divided by 129.
114
What is the remainder when 601 is divided by 102?
91
Calculate the remainder when 4984 is divided by 277.
275
Calculate the remainder when 4538 is divided by 1132.
10
What is the remainder when 241 is divided by 61?
58
What is the remainder when 1487 is divided by 100?
87
Calculate the remainder when 282 is divided by 65.
22
What is the remainder when 338 is divided by 93?
59
What is the remainder when 159 is divided by 40?
39
Calculate the remainder when 542 is divided by 25.
17
What is the remainder when 37 is divided by 27?
10
Calculate the remainder when 13855 is divided by 154.
149
Calculate the remainder when 1201 is divided by 199.
7
What is the remainder when 58 is divided by 15?
13
What is the remainder when 1230 is divided by 9?
6
Calculate the remainder when 894 is divided by 34.
10
What is the remainder when 377 is divided by 9?
8
What is the remainder when 286 is divided by 49?
41
Calculate the remainder when 134 is divided by 29.
18
Calculate the remainder when 699 is divided by 39.
36
What is the remainder when 528 is divided by 51?
18
What is the remainder when 101 is divided by 50?
1
What is the remainder when 23774 is divided by 9?
5
What is the remainder when 993 is divided by 71?
70
What is the remainder when 5406 is divided by 20?
6
Calculate the remainder when 2070 is divided by 31.
24
What is the remainder when 5760 is divided by 51?
48
What is the remainder when 208 is divided by 13?
0
What is the remainder when 90 is divided by 4?
2
Calculate the remainder when 125 is divided by 67.
58
What is the remainder when 79791 is divided by 26?
23
What is the remainder when 826 is divided by 9?
7
Calculate the remainder when 1598 is divided by 39.
38
Calculate the remainder when 2568 is divided by 22.
16
Calculate the remainder when 474 is divided by 12.
6
Calculate the remainder when 294 is divided by 55.
19
Calculate the remainder when 1186 is divided by 44.
42
What is the remainder when 189 is divided by 88?
13
Calculate the remainder when 1956 is divided by 19.
18
What is the remainder when 416 is divided by 51?
8
What is the remainder when 104 is divided by 28?
20
Calculate the remainder when 74 is divided by 25.
24
Calculate the remainder when 2127 is divided by 38.
37
What is the remainder when 1251 is divided by 11?
8
Calculate the remainder when 987 is divided by 489.
9
What is the remainder when 17458 is divided by 97?
95
Calculate the remainder when 12777 is divided by 60.
57
Calculate the remainder when 1 is divided by 1.
0
Calculate the remainder when 582 is divided by 195.
192
Calculate the remainder when 422 is divided by 88.
70
What is the remainder when 3 is divided by 2?
1
What is the remainder when 402 is divided by 14?
10
Calculate the remainder when 151 is divided by 123.
28
What is the remainder when 5937 is divided by 180?
177
Calculate the remainder when 4628 is divided by 925.
3
Calculate the remainder when 407 is divided by 8.
7
Calculate the remainder when 425 is divided by 221.
204
What is the remainder when 897 is divided by 151?
142
What is the remainder when 219 is divided by 77?
65
Calculate the remainder when 200 is divided by 57.
29
Calculate the remainder when 307 is divided by 228.
79
What is the remainder when 270 is divided by 114?
42
What is the remainder when 35 is divided by 23?
12
Calculate the remainder when 1275 is divided by 215.
200
What is the remainder when 2607 is divided by 216?
15
What is the remainder when 204 is divided by 6?
0
Calculate the remainder when 50272 is divided by 42.
40
Calculate the remainder when 261 is divided by 21.
9
What is the remainder when 218 is divided by 24?
2
Calculate the remainder when 78 is divided by 10.
8
What is the remainder when 49 is divided by 6?
1
What is the remainder when 210 is divided by 56?
42
What is the remainder when 15 is divided by 9?
6
What is the remainder when 46 is divided by 8?
6
What is the remainder when 266 is divided by 67?
65
Calculate the remainder when 719 is divided by 140.
19
What is the remainder when 205 is divided by 96?
13
What is the remainder when 350 is divided by 119?
112
What is the remainder when 60 is divided by 8?
4
What is the remainder when 84 is divided by 5?
4
Calculate the remainder when 3213 is divided by 24.
21
What is the remainder when 5517 is divided by 69?
66
What is the remainder when 33 is divided by 3?
0
Calculate the remainder when 4477 is divided by 140.
137
Calculate the remainder when 2348 is divided by 14.
10
What